 95641216 is divided by 271708.
0
Calculate the remainder when 1152983 is divided by 1183.
741
What is the remainder when 6822731 is divided by 359088?
59
Calculate the remainder when 6322645 is divided by 29545.
15
What is the remainder when 58067 is divided by 3211?
269
Calculate the remainder when 8144927 is divided by 30.
17
What is the remainder when 96709 is divided by 46522?
3665
What is the remainder when 132158 is divided by 14683?
11
What is the remainder when 18266 is divided by 24?
2
Calculate the remainder when 196241 is divided by 156.
149
What is the remainder when 727769 is divided by 363840?
89
Calculate the remainder when 19923 is divided by 137.
58
Calculate the remainder when 1281003 is divided by 60.
3
What is the remainder when 909782 is divided by 757?
625
What is the remainder when 153518315 is divided by 51172765?
20
What is the remainder when 2013840 is divided by 111879?
18
What is the remainder when 810631 is divided by 604?
63
What is the remainder when 24016 is divided by 144?
112
What is the remainder when 1001095 is divided by 12671?
86
What is the remainder when 7284527 is divided by 26879?
318
What is the remainder when 1584570 is divided by 790770?
3030
What is the remainder when 309344191 is divided by 387?
385
What is the remainder when 9313 is divided by 4259?
795
What is the remainder when 9215308 is divided by 78?
76
What is the remainder when 1309221 is divided by 575?
521
Calculate the remainder when 5042085 is divided by 630258.
21
What is the remainder when 1037099 is divided by 53?
48
What is the remainder when 5984603 is divided by 180?
143
What is the remainder when 1633764 is divided by 408436?
20
What is the remainder when 105759041 is divided by 7977?
7952
Calculate the remainder when 1051105 is divided by 1409.
1400
Calculate the remainder when 44019431 is divided by 327.
326
What is the remainder when 17504 is divided by 1055?
624
Calculate the remainder when 177884 is divided by 11106.
188
Calculate the remainder when 334195 is divided by 7770.
85
Calculate the remainder when 253746054 is divided by 29.
27
Calculate the remainder when 490927 is divided by 1334.
15
What is the remainder when 8544055 is divided by 657232?
39
Calculate the remainder when 60205288 is divided by 10.
8
Calculate the remainder when 115564926 is divided by 50.
26
Calculate the remainder when 56651661 is divided by 4483.
4473
What is the remainder when 127553575 is divided by 1096?
1095
Calculate the remainder when 103005 is divided by 25366.
1541
Calculate the remainder when 3266785 is divided by 23502.
7
Calculate the remainder when 624814 is divided by 69400.
214
Calculate the remainder when 281404 is divided by 333.
19
What is the remainder when 4083951 is divided by 95?
91
What is the remainder when 3175046 is divided by 57728?
6
Calculate the remainder when 1549254 is divided by 46.
20
What is the remainder when 83920636 is divided by 49?
2
What is the remainder when 114894 is divided by 495?
54
Calculate the remainder when 1522120 is divided by 507329.
133
Calculate the remainder when 6052994 is divided by 100.
94
What is the remainder when 6535111 is divided by 606?
7
Calculate the remainder when 2924419 is divided by 1462190.
39
Calculate the remainder when 196109020 is divided by 11.
8
Calculate the remainder when 16631 is divided by 16086.
545
What is the remainder when 2186069 is divided by 1093034?
1
Calculate the remainder when 2860265 is divided by 144.
137
Calculate the remainder when 6315923 is divided by 134381.
16
What is the remainder when 900597 is divided by 1021?
75
What is the remainder when 869033 is divided by 868987?
46
Calculate the remainder when 25356 is divided by 1304.
580
Calculate the remainder when 23266439 is divided by 645.
644
Calculate the remainder when 935679 is divided by 282.
3
What is the remainder when 296902 is divided by 296538?
364
Calculate the remainder when 115220 is divided by 4610.
4580
What is the remainder when 381568 is divided by 145?
73
Calculate the remainder when 675041 is divided by 35.
31
Calculate the remainder when 205044 is divided by 68267.
243
Calculate the remainder when 22365 is divided by 225.
90
Calculate the remainder when 325315 is divided by 1859.
1849
What is the remainder when 67195438 is divided by 156?
154
Calculate the remainder when 241225 is divided by 1237.
10
Calculate the remainder when 6740945 is divided by 60.
5
Calculate the remainder when 311906 is divided by 11998.
11956
What is the remainder when 67884 is divided by 8415?
564
What is the remainder when 139498 is divided by 4561?
2668
Calculate the remainder when 44829 is divided by 545.
139
Calculate the remainder when 1090873 is divided by 10798.
275
What is the remainder when 3749964 is divided by 5622?
90
Calculate the remainder when 509027 is divided by 369.
176
Calculate the remainder when 2419202 is divided by 672.
2
Calculate the remainder when 34076697 is divided by 1671.
1665
Calculate the remainder when 2280708 is divided by 3349.
39
What is the remainder when 663032 is divided by 7286?
6
What is the remainder when 4704499 is divided by 388?
387
What is the remainder when 5958505 is divided by 19283?
58
What is the remainder when 15840 is divided by 360?
0
What is the remainder when 98903225 is divided by 59?
50
Calculate the remainder when 461341 is divided by 153761.
58
What is the remainder when 6999394 is divided by 312?
298
Calculate the remainder when 2514771 is divided by 90.
81
What is the remainder when 455445 is divided by 3430?
2685
What is the remainder when 6376443 is divided by 84?
3
What is the remainder when 2015673 is divided by 51?
0
Calculate the remainder when 3356749 is divided by 6286.
25
Calculate the remainder when 17997249 is divided by 88.
17
Calculate the remainder when 2512996 is divided by 244.
40
What is the remainder when 3312363 is divided by 49438?
17
What is the remainder when 158649 is divided by 487?
374
What is the remainder when 81774217 is divided by 220?
217
Calculate the remainder when 51171 is divided by 3200.
3171
What is the remainder when 6269975 is divided by 3146?
3143
Calculate the remainder when 1580901 is divided by 2933.
14
What is the remainder when 94726184 is divided by 5021?
5019
Calculate the remainder when 21584264 is divided by 209.
207
What is the remainder when 60972 is divided by 12193?
7
Calculate the remainder when 724552 is divided by 501.
106
Calculate the remainder when 27557939 is divided by 86.
13
Calculate the remainder when 6439063 is divided by 521.
24
Calculate the remainder when 928075 is divided by 309346.
37
Calculate the remainder when 5851 is divided by 308.
307
Calculate the remainder when 1483333 is divided by 494351.
280
What is the remainder when 3142612 is divided by 26?
18
What is the remainder when 574390 is divided by 28719?
10
What is the remainder when 614944 is divided by 8910?
154
What is the remainder when 2053600 is divided by 739?
658
Calculate the remainder when 23988 is divided by 4709.
443
What is the remainder when 51359 is divided by 2357?
1862
What is the remainder when 602853 is divided by 366?
51
What is the remainder when 377314 is divided by 47?
45
Calculate the remainder when 176932 is divided by 251.
228
Calculate the remainder when 1544200 is divided by 4196.
72
What is the remainder when 1849711 is divided by 48?
31
What is the remainder when 50374694 is divided by 318?
314
What is the remainder when 8228133 is divided by 112714?
11
Calculate the remainder when 40385668 is divided by 296.
20
What is the remainder when 620243 is divided by 63?
8
What is the remainder when 380361 is divided by 190134?
93
Calculate the remainder when 59838294 is divided by 263.
8
What is the remainder when 12442 is divided by 1401?
1234
What is the remainder when 135141 is divided by 33660?
501
Calculate the remainder when 129322 is divided by 127447.
1875
Calculate the remainder when 283199 is divided by 1453.
1317
What is the remainder when 22447382 is divided by 326?
0
Calculate the remainder when 1402725 is divided by 1402625.
100
Calculate the remainder when 6348 is divided by 2095.
63
Calculate the remainder when 40643507 is divided by 645135.
2
Calculate the remainder when